mon factor of 52 and v?
13
Let j(a) = -76*a + 15746. Let i be j(207). What is the greatest common divisor of 17486 and i?
14
Let o be (-10 + 2)/((-2)/(-26)). Let s be (-69)/(-115) - (-2 - o/(-10)). Calculate the highest common factor of 13 and s.
13
Suppose -2*n + 5*j = 11 - 81, -26 = -n - 2*j. Let p be (((-20)/(-15))/(-4))/((-1)/6). Suppose -p*h = 5*h - 42. Calculate the highest common factor of n and h.
6
Let q(r) = 8*r**2 + 193*r + 178. Let i be q(-24). Calculate the greatest common divisor of i and 98.
14
Let v = 33368 + -33326. Let k be (-332)/6 - 2/3. Let l = k - -84. Calculate the greatest common factor of v and l.
14
Let g(n) = 2*n**3 - 130*n**2 - 147*n + 1090. Let m be g(66). Let p be (-2*10)/(-2 + 1). Calculate the highest common divisor of p and m.
20
Let r be (5/4)/(-8*1/(-64)). Suppose -k - 4*i = -31, r = 2*i + 4. Suppose -w - s + 80 = 3*w, 8 = 2*s. What is the greatest common factor of w and k?
19
Let k be 42/((-1)/(-3) - (-6)/9). Suppose -2*x - y = -15, 3*x + 7*y - 3*y = 25. Let m = 13 - x. Calculate the highest common divisor of k and m.
6
Suppose -6*a - 91284 + 19980 = 0. Let k be a/(-36) + 4/(-36). What is the highest common divisor of k and 30?
30
Suppose 285*i - 456 = 284*i + 4*r, 10*r = -4*i + 1876. What is the highest common factor of i and 638?
58
Let r(u) = -4*u - 38. Let l be r(-10). Let w be l/5 + (-268)/(-5). Calculate the highest common factor of 54 and w.
54
Let g = -5927 + 5933. Let x = 238 - 136. What is the highest common divisor of x and g?
6
Let w be 12/(-66) - 466/(-22). Suppose 8*v = 14364 - 13356. Calculate the greatest common factor of v and w.
21
Let k = 18840 + -17854. Calculate the greatest common factor of 116 and k.
58
Let v(j) be the second derivative of 0*j**4 + 0 - 14*j + 9/5*j**5 + 1/3*j**3 - j**2. Let u be v(1). Calculate the greatest common factor of 396 and u.
36
Let h = 34124 + -30796. Calculate the highest common divisor of 728 and h.
104
Let t(g) = -3*g**2 + 129*g - 255. Let h be t(38). Calculate the greatest common factor of h and 120.
15
Suppose p + 3*o - 10 - 1 = 0, 11 = 2*p - 5*o. Suppose -p*l + 43 = -7*l + 3*a, 285 = 5*l + a. Let c = 290 - l. Calculate the greatest common factor of c and 29.
29
Let q = -315 - -369. Suppose -3*j = -6, 2*l + l - 3*j - 12 = 0. Calculate the greatest common divisor of q and l.
6
Let x(h) = 57*h - 9. Let b be (22/(-77))/((-1)/7). Let t be x(b). Let l be (4 + t/(-5))*(-7)/1. What is the greatest common divisor of 17 and l?
17
Suppose -37*g + 38*g - w - 1498 = 0, -2*w + 10540 = 7*g. Calculate the highest common divisor of g and 128.
32
Suppose 5*h = 2*f + 164, h + 73*f = 76*f + 51. What is the highest common factor of h and 858?
6
Suppose -6 = -2*a + 14. Let v(p) = p**3 - 23*p**2 + 118*p + 40. Let h be v(15). What is the greatest common divisor of h and a?
10
Let x = -2667 + 2697. Calculate the greatest common factor of 170 and x.
10
Let h(r) = -r**3 - 11*r**2 - 24*r + 2. Let t be h(-10). Suppose -10 = -8*y + t. What is the highest common factor of y and 95?
19
Let q be 69*20*(-13)/(-65). Calculate the greatest common divisor of 874 and q.
46
Suppose -371*f = -287*f - 3108. Calculate the highest common factor of f and 4.
1
Let l(h) = -212*h - 1016. Let b be l(-7). What is the highest common factor of b and 1287?
117
Suppose 3*q - 16*g + 12*g = 72, 4*q + 4*g = 68. Suppose 154*d = 152*d + 360. What is the greatest common divisor of d and q?
20
Let h(u) = 44*u - 129. Let m be h(3). Suppose -143 = -5*j - p, m*p + 7 - 16 = 0. Calculate the highest common divisor of 161 and j.
7
Suppose -3*l = -0*f + f - 452, 3*f - 1380 = -l. Let d = f + 34. Calculate the greatest common divisor of d and 135.
45
Let k(g) = -2*g**3 + 20*g**2 + 22*g + 16. Suppose 0 = -30*w + 391 - 61. Let p be k(w). Calculate the greatest common factor of p and 488.
8
Suppose 19*k - 10869 - 18581 = 0. What is the greatest common factor of k and 50?
50
Let k = 48 - 44. Suppose k = 3*q - 2. Suppose -4*s - 8 = -4*g + s, q*s + 6 = 3*g. What is the highest common divisor of g and 2?
2
Let t(s) = s**3 + 16*s**2 + 14*s - 17. Suppose 68 - 98 = 2*y. Let w be t(y). Let a be 3760/72 - w/(-9). What is the greatest common divisor of 4 and a?
4
Let x(w) = 2*w**2 + 2*w + 40. Let f(k) = k**3 + 10*k**2 + 18*k + 9. Let y be f(-8). Let l be x(y). What is the greatest common divisor of l and 186?
62
Let m(f) = f**3 + 10*f**2 - 7*f - 55. Let j be m(-5). Suppose -l = -4*p + 83, 2*p - 3*l = -p + 69. Calculate the greatest common divisor of p and j.
5
Suppose 2*h + 57 = 61, -2*b + 1468 = -4*h. Calculate the highest common divisor of b and 30.
6
Let m be (-140)/280 - (-421)/2. What is the highest common factor of 17010 and m?
210
Let w(r) = -2*r**3 - 10*r**2 - 26*r - 67. Let u be w(-4). Calculate the highest common factor of u and 1015.
5
Let j be (6/(-4))/((-3)/32). Let y be -14 + 15 + 5 + 1 + -4 - -1. What is the greatest common factor of j and y?
4
Suppose -j - 5*n = 2, -j + 6 = 6*n - 5*n. Let x be 48/21 - (-8)/(-28). Suppose -p + 264 = x*p. Calculate the greatest common divisor of p and j.
8
Suppose -31*g + 33*g = 10. Suppose 45 = 10*n + g*n. What is the highest common divisor of 93 and n?
3
Let l be ((-16218)/(-1378) + (-6)/(-26))*(3 + -1). Calculate the highest common divisor of 12552 and l.
24
Let r(k) = 21*k + 22. Let z = 453 + -451. Let i be r(z). Calculate the greatest common factor of i and 80.
16
Suppose 45*d - 2058 - 8959 = -487. What is the greatest common factor of 522 and d?
18
Suppose 268 - 14 = 2*t. Suppose -h + t = 2*q, -3*h + 2*h = 1. Suppose -q*y - 24 = -66*y. What is the greatest common factor of y and 12?
12
Let h(b) = 3*b**3 - b**2 + 2*b - 8. Let y(w) = w**3 - 14*w**2 + w - 11. Let n be y(14). Let s be h(n). Calculate the greatest common divisor of 35 and s.
35
Suppose 0 = -3*i - 2*i + 2160. Suppose 2*t = 5*t - i. Suppose -12*h = -l - 11*h + 98, -5*l + 476 = 2*h. What is the greatest common divisor of l and t?
48
Let l = 726 + -591. Let c(h) = 13*h - 23. Let q be c(8). Calculate the greatest common factor of l and q.
27
Let q be ((-3)/2)/(179/26 + -7). Suppose q = -5*v + 153. Calculate the highest common factor of 42 and v.
14
Let i(x) = -5*x - 16. Let c be i(-4). Suppose 0 = c*p - 3*p. Suppose -h + 3*h - 34 = p. Calculate the greatest common factor of 187 and h.
17
Let o = -8250 - -8257. Suppose -j + 5*j = 0. Suppose j = -2*x + 8, -96 = -4*c + 6*x - 2*x. What is the greatest common divisor of c and o?
7
Let t be (-1812)/(-48) + 2/8. Let s = t + -33. Let m be 30/10*3*25/9. Calculate the highest common divisor of m and s.
5
Let f(u) = 3*u**3 - u. Let s be f(1). Let c be -1 - s - (-90)/6. Suppose c*a - 965 = 475. Calculate the greatest common divisor of a and 30.
30
Let m = 556 - 475. Let g be (-2*m/8)/((-12)/32). What is the greatest common factor of 189 and g?
27
Let g be -1347*((-13)/12 - 32/128) + -2. What is the greatest common factor of 130 and g?
26
Suppose 1656 - 180 = 6*w. Let s(v) = -v**3 - 20*v**2 + 22*v + 27. Let k be s(-21). Calculate the highest common divisor of k and w.
6
Let r(i) = 4*i**3 + 63*i**2 + 2*i + 5. Let q be r(-15). What is the greatest common divisor of 10 and q?
10
Let h(x) = 965*x**2 + 49*x - 48. Let m be h(1). What is the greatest common factor of 168 and m?
42
Let a(i) = -44*i**3 + 43*i**3 - 5*i + i - 6. Let w be a(-2). Calculate the greatest common divisor of 80 and w.
10
Suppose -19*i - 276 = -23*i. Let b = 798 - 177. Calculate the highest common factor of i and b.
69
Let j = 180 - 88. Suppose u = -2*b + 43, 4*u = -3*b + 6*u + 75. Calculate the highest common divisor of j and b.
23
Let b(h) = h + 7. Let s(d) = -d - 3. Let j(v) = -2*b(v) - 5*s(v). Let c be j(3). Let r = 277500 + -277370. What is the highest common divisor of r and c?
10
Let c(m) = -7*m - 21. Let h(z) = -6*z - 22. Let q(p) = 3*c(p) - 4*h(p). Let a be q(4). Calculate the highest common divisor of a and 259.
37
Let c = 6619 - 4120. What is the highest common divisor of c and 153?
51
Let t be 70/22 - 12/66. Let u = -37 - t. Let a = 58 + u. Calculate the highest common divisor of a and 6.
6
Suppose -6194*i + 6196*i = 4172. Calculate the greatest common factor of i and 28.
14
Suppose 3*l - 152 = 2*h, 56*l = 55*l - 3*h + 47. Let q be 1997/5 - (-9)/15. What is the greatest common divisor of q and l?
50
Suppo